
What are the prime factors of 463997912?
2, 7, 29, 47, 6079
List the prime factors of 5340552.
2, 3, 7, 83, 383
What are the prime factors of 190419629?
2687, 70867
List the prime factors of 855487511.
73, 3067, 3821
List the prime factors of 14543385.
3, 5, 969559
List the prime factors of 198099161.
13, 23, 662539
List the prime factors of 559275761.
11, 50843251
List the prime factors of 73371517.
73371517
What are the prime factors of 428217609?
3, 1181, 120863
List the prime factors of 34283358.
2, 3, 719, 883
List the prime factors of 1955881195.
5, 17, 1353551
What are the prime factors of 105271953?
3, 181, 193871
What are the prime factors of 125022386?
2, 17, 3677129
List the prime factors of 7005834.
2, 3, 11, 41, 863
List the prime factors of 381845749.
381845749
What are the prime factors of 1532155342?
2, 233, 3287887
What are the prime factors of 285243410?
2, 5, 367, 77723
List the prime factors of 63203443.
19, 137, 24281
What are the prime factors of 609674805?
3, 5, 461, 29389
List the prime factors of 1195005402.
2, 3, 71, 935059
What are the prime factors of 30027169?
30027169
What are the prime factors of 420985828?
2, 31, 3395047
List the prime factors of 1430992411.
1430992411
List the prime factors of 861374807.
59, 14599573
What are the prime factors of 21912774?
2, 3, 13, 280933
List the prime factors of 4140655274.
2, 7, 37, 7993543
List the prime factors of 1773645431.
37, 47936363
What are the prime factors of 34021006?
2, 241, 70583
What are the prime factors of 396740356?
2, 17, 31, 11071
What are the prime factors of 839555996?
2, 149, 1408651
What are the prime factors of 923233355?
5, 11, 16786061
What are the prime factors of 282634839?
3, 59, 59141
List the prime factors of 95744762.
2, 19, 1399, 1801
List the prime factors of 3520506291.
3, 53, 149, 181, 821
What are the prime factors of 63878593?
47, 89, 15271
What are the prime factors of 76746078?
2, 3, 23, 197, 941
List the prime factors of 31478550.
2, 3, 5, 209857
List the prime factors of 124257091.
7, 743, 3413
What are the prime factors of 21186394?
2, 127, 239, 349
List the prime factors of 21095404.
2, 11, 479441
List the prime factors of 343277523.
3, 38141947
List the prime factors of 174368470.
2, 5, 17436847
List the prime factors of 329393890.
2, 5, 7, 29, 162263
What are the prime factors of 119007674?
2, 1301, 45737
List the prime factors of 66681682.
2, 31, 59, 18229
List the prime factors of 68582696.
2, 7, 13, 94207
List the prime factors of 829303712.
2, 25915741
List the prime factors of 461706035.
5, 7, 13191601
List the prime factors of 46653293.
113, 181, 2281
List the prime factors of 5127602337.
3, 11, 13, 31, 128521
List the prime factors of 386828807.
386828807
What are the prime factors of 1900198616?
2, 809, 293603
What are the prime factors of 407452509?
3, 179, 252919
What are the prime factors of 40207486?
2, 11, 1827613
What are the prime factors of 2309697348?
2, 3, 7, 499, 55103
What are the prime factors of 2693386192?
2, 7, 19, 61, 20749
What are the prime factors of 5899267349?
16069, 367121
What are the prime factors of 1023101115?
3, 5, 68206741
List the prime factors of 1402081132.
2, 350520283
What are the prime factors of 349102877?
8467, 41231
What are the prime factors of 1261218971?
13043, 96697
What are the prime factors of 64474130?
2, 5, 7, 47, 19597
List the prime factors of 42964508.
2, 17, 59, 10709
What are the prime factors of 874672397?
47, 18610051
List the prime factors of 61767224.
2, 7720903
List the prime factors of 714492902.
2, 43, 73, 113809
List the prime factors of 44234573.
37, 43, 27803
List the prime factors of 61171337.
61171337
List the prime factors of 215694295.
5, 43138859
What are the prime factors of 479573062?
2, 73, 3284747
What are the prime factors of 37707649?
7, 17, 23, 599
List the prime factors of 1205178923.
13, 92706071
What are the prime factors of 1446140421?
3, 11, 31, 471209
List the prime factors of 1012753471.
1012753471
What are the prime factors of 1016119358?
2, 59, 8611181
List the prime factors of 3564295792.
2, 53, 1181, 3559
List the prime factors of 3833867661.
3, 13, 257, 382507
List the prime factors of 1587124759.
11, 7237, 19937
What are the prime factors of 400969775?
5, 61, 241, 1091
List the prime factors of 52512698.
2, 7, 31, 120997
List the prime factors of 1655694612.
2, 3, 11, 13, 321619
What are the prime factors of 1029623881?
11, 13, 83, 6673
List the prime factors of 1366154118.
2, 3, 7, 43, 252151
List the prime factors of 169949846.
2, 11, 43, 179651
List the prime factors of 4095811423.
11, 10711, 34763
What are the prime factors of 2008197627?
3, 601, 1113809
What are the prime factors of 57705291?
3, 7, 31, 67
List the prime factors of 861343222.
2, 571, 754241
List the prime factors of 92676344.
2, 29, 181, 2207
What are the prime factors of 45069043?
45069043
List the prime factors of 58079664.
2, 3, 403331
What are the prime factors of 36309752?
2, 223, 20353
What are the prime factors of 4912885539?
3, 17, 3253, 9871
List the prime factors of 233989722.
2, 3, 89, 16229
List the prime factors of 344345772.
2, 3, 28695481
List the prime factors of 586735168.
2, 2311, 3967
List the prime factors of 56673507.
3, 11, 1717379
List the prime factors of 166475975.
5, 163, 40853
List the prime factors of 168115628.
2, 42028907
What are the prime factors of 469574686?
2, 7, 233, 143953
List the prime factors of 444012038.
2, 222006019
List the prime factors of 1901784566.
2, 11, 307, 281579
List the prime factors of 69116360.
2, 5, 31, 139, 401
What are the prime factors of 110950881?
3, 3449, 10723
What are the prime factors of 14866647?
3, 29, 170881
List the prime factors of 13513574.
2, 61, 257, 431
List the prime factors of 1390910473.
487, 2856079
List the prime factors of 64546193.
64546193
List the prime factors of 469177084.
2, 17, 6899663
What are the prime factors of 333889394?
2, 19, 131, 67073
What are the prime factors of 2139339671?
7, 79, 1303, 2969
List the prime factors of 246876648.
2, 3, 10286527
List the prime factors of 61800431.
7, 11, 802603
What are the prime factors of 161633118?
2, 3, 151, 178403
List the prime factors of 1718800191.
3, 139, 241, 5701
What are the prime factors of 556036675?
5, 313, 71059
List the prime factors of 5331093612.
2, 3, 13, 34173677
List the prime factors of 82784453.
41, 2019133
What are the prime factors of 56394246?
2, 3, 139, 67619
What are the prime factors of 173623594?
2, 43, 727, 2777
List the prime factors of 332258421.
3, 11, 17, 592261
List the prime factors of 105406536.
2, 3, 61, 71999
What are the prime factors of 16097516?
2, 23, 37, 4729
What are the prime factors of 1141487396?
2, 7, 19, 41, 59, 887
What are the prime factors of 2154101186?
2, 1077050593
List the prime factors of 36526362.
2, 3, 2269, 2683
List the prime factors of 237018997.
237018997
List the prime factors of 118283024.
2, 43, 171923
List the prime factors of 3741626914.
2, 79, 1933, 12251
What are the prime factors of 240508651?
829, 290119
List the prime factors of 5219713435.
5, 1043942687
List the prime factors of 59861441.
59861441
What are the prime factors of 10242736?
2, 7, 91453
List the prime factors of 2872460234.
2, 7, 1871, 109661
What are the prime factors of 177279899?
19, 1543, 6047
List the prime factors of 2367217261.
32561, 72701
What are the prime factors of 2518554235?
5, 31, 16248737
List the prime factors of 387744924.
2, 3, 7, 47, 98213
List the prime factors of 37641898.
2, 7, 191, 2011
List the prime factors of 4136466473.
38677, 106949
What are the prime factors of 233675457?
3, 77891819
What are the prime factors of 266782614?
2, 3, 7, 6351967
What are the prime factors of 12506690?
2, 5, 7, 373, 479
List the prime factors of 69794793.
3, 29, 267413
What are the prime factors of 1233148020?
2, 3, 5, 13, 1580959
List the prime factors of 555106052.
2, 19, 29, 41, 6143
List the prime factors of 5358298883.
7, 29, 26395561
List the prime factors of 166904255.
5, 7, 4768693
What are the prime factors of 1574265?
3, 5, 7, 11, 29, 47
What are the prime factors of 1379579303?
19, 3023, 24019
List the prime factors of 53252153.
23, 41, 149, 379
List the prime factors of 78552